ate the remainder when 106 is divided by 58.
48
Calculate the remainder when 1136 is divided by 44.
36
What is the remainder when 378 is divided by 4?
2
Calculate the remainder when 227 is divided by 122.
105
Calculate the remainder when 51 is divided by 9.
6
What is the remainder when 1303 is divided by 56?
15
What is the remainder when 680 is divided by 122?
70
Calculate the remainder when 357 is divided by 12.
9
What is the remainder when 210 is divided by 204?
6
Calculate the remainder when 164 is divided by 38.
12
Calculate the remainder when 1140 is divided by 16.
4
What is the remainder when 2190 is divided by 105?
90
Calculate the remainder when 19598 is divided by 11.
7
Calculate the remainder when 1758 is divided by 1751.
7
Calculate the remainder when 133 is divided by 24.
13
Calculate the remainder when 91 is divided by 31.
29
What is the remainder when 447 is divided by 107?
19
What is the remainder when 210 is divided by 34?
6
Calculate the remainder when 81 is divided by 7.
4
Calculate the remainder when 76 is divided by 41.
35
What is the remainder when 276 is divided by 64?
20
What is the remainder when 315 is divided by 15?
0
What is the remainder when 693 is divided by 58?
55
What is the remainder when 5821 is divided by 42?
25
What is the remainder when 60 is divided by 35?
25
Calculate the remainder when 241 is divided by 23.
11
Calculate the remainder when 319 is divided by 48.
31
Calculate the remainder when 335 is divided by 56.
55
Calculate the remainder when 1056 is divided by 147.
27
What is the remainder when 69 is divided by 10?
9
Calculate the remainder when 527 is divided by 188.
151
What is the remainder when 166 is divided by 156?
10
What is the remainder when 2086 is divided by 32?
6
Calculate the remainder when 429 is divided by 12.
9
Calculate the remainder when 122 is divided by 58.
6
What is the remainder when 156 is divided by 5?
1
Calculate the remainder when 65 is divided by 23.
19
What is the remainder when 839 is divided by 42?
41
What is the remainder when 298 is divided by 16?
10
Calculate the remainder when 126 is divided by 113.
13
Calculate the remainder when 47 is divided by 40.
7
What is the remainder when 485 is divided by 62?
51
Calculate the remainder when 1384 is divided by 92.
4
What is the remainder when 443 is divided by 101?
39
What is the remainder when 68 is divided by 6?
2
Calculate the remainder when 46 is divided by 18.
10
Calculate the remainder when 366 is divided by 49.
23
What is the remainder when 69 is divided by 1?
0
Calculate the remainder when 492 is divided by 250.
242
What is the remainder when 7731 is divided by 221?
217
What is the remainder when 274 is divided by 128?
18
What is the remainder when 514 is divided by 43?
41
What is the remainder when 797 is divided by 73?
67
Calculate the remainder when 108 is divided by 98.
10
What is the remainder when 376 is divided by 14?
12
Calculate the remainder when 122 is divided by 36.
14
Calculate the remainder when 21133 is divided by 5.
3
What is the remainder when 84 is divided by 25?
9
What is the remainder when 2438 is divided by 11?
7
Calculate the remainder when 297 is divided by 93.
18
What is the remainder when 1978 is divided by 110?
108
Calculate the remainder when 333 is divided by 4.
1
Calculate the remainder when 34 is divided by 27.
7
What is the remainder when 84 is divided by 44?
40
What is the remainder when 4340 is divided by 1446?
2
Calculate the remainder when 77 is divided by 6.
5
Calculate the remainder when 938 is divided by 86.
78
Calculate the remainder when 13815 is divided by 47.
44
Calculate the remainder when 492 is divided by 125.
117
Calculate the remainder when 394 is divided by 59.
40
Calculate the remainder when 248 is divided by 235.
13
Calculate the remainder when 242 is divided by 61.
59
What is the remainder when 977 is divided by 320?
17
Calculate the remainder when 251 is divided by 94.
63
What is the remainder when 210 is divided by 44?
34
Calculate the remainder when 263 is divided by 30.
23
What is the remainder when 539 is divided by 516?
23
What is the remainder when 1757 is divided by 40?
37
Calculate the remainder when 2076 is divided by 11.
8
Calculate the remainder when 238 is divided by 50.
38
Calculate the remainder when 158 is divided by 30.
8
What is the remainder when 1548 is divided by 258?
0
Calculate the remainder when 1187 is divided by 12.
11
Calculate the remainder when 254 is divided by 89.
76
What is the remainder when 1470 is divided by 185?
175
Calculate the remainder when 274 is divided by 8.
2
What is the remainder when 1746 is divided by 146?
140
Calculate the remainder when 3906 is divided by 1949.
8
Calculate the remainder when 93 is divided by 16.
13
What is the remainder when 4227 is divided by 353?
344
Calculate the remainder when 501 is divided by 24.
21
What is the remainder when 44 is divided by 27?
17
What is the remainder when 283 is divided by 13?
10
Calculate the remainder when 188 is divided by 61.
5
Calculate the remainder when 334 is divided by 78.
22
Calculate the remainder when 4571 is divided by 18.
17
What is the remainder when 470 is divided by 43?
40
Calculate the remainder when 314 is divided by 66.
50
What is the remainder when 392 is divided by 9?
5
What is the remainder when 1551 is divided by 6?
3
Calculate the remainder when 804 is divided by 401.
2
Calculate the remainder when 145 is divided by 24.
1
What is the remainder when 5301 is divided by 68?
65
What is the remainder when 783 is divided by 56?
55
What is the remainder when 716 is divided by 356?
4
Calculate the remainder when 55 is divided by 3.
1
Calculate the remainder when 1469 is divided by 24.
5
Calculate the remainder when 53 is divided by 20.
13
Calculate the remainder when 4989 is divided by 208.
205
What is the remainder when 872 is divided by 61?
18
Calculate the remainder when 333 is divided by 144.
45
Calculate the remainder when 138 is divided by 37.
27
Calculate the remainder when 4150 is divided by 80.
70
What is the remainder when 1814 is divided by 27?
5
What is the remainder when 109 is divided by 34?
7
Calculate the remainder when 222 is divided by 9.
6
Calculate the remainder when 175 is divided by 87.
1
Calculate the remainder when 49 is divided by 10.
9
Calculate the remainder when 176 is divided by 26.
20
What is the remainder when 30 is divided by 26?
4
Calculate the remainder when 295 is divided by 8.
7
Calculate the remainder when 1814 is divided by 82.
10
What is the remainder when 468 is divided by 120?
108
Calculate the remainder when 283 is divided by 10.
3
What is the remainder when 221 is divided by 32?
29
What is the remainder when 656 is divided by 218?
2
What is the remainder when 99 is divided by 24?
3
What is the remainder when 363 is divided by 123?
117
Calculate the remainder when 353 is divided by 91.
80
What is the remainder when 105 is divided by 17?
3
Calculate the remainder when 1156 is divided by 8.
4
What is the remainder when 206 is divided by 73?
60
Calculate the remainder when 4498 is divided by 45.
43
Calculate the remainder when 575 is divided by 8.
7
Calculate the remainder when 91 is divided by 54.
37
Calculate the remainder when 387 is divided by 10.
7
Calculate the remainder when 147 is divided by 34.
11
Calculate the remainder when 768 is divided by 28.
12
What is the remainder when 5965 is divided by 47?
43
Calculate the remainder when 2421 is divided by 81.
72
Calculate the remainder when 703 is divided by 230.
13
What is the remainder when 262 is divided by 14?
10
Calculate the remainder when 383 is divided by 63.
5
What is the remainder when 430 is divided by 54?
52
What is the remainder when 455 is divided by 23?
18
What is the remainder when 197 is divided by 167?
30
What is the remainder when 163 is divided by 10?
3
What is the remainder when 245 is divided by 75?
20
What is the remainder when 13 is divided by 1?
0
Calculate the remainder when 653 is divided by 129.
8
What is the remainder when 1392 is divided by 172?
16
What is the remainder when 9716 is divided by 971?
6
What is the remainder when 239 is divided by 35?
29
Calculate the remainder when 394 is divided by 22.
20
Calculate the remainder when 18